{"id":12563,"date":"2022-09-28T10:30:32","date_gmt":"2022-09-28T08:30:32","guid":{"rendered":"https:\/\/www.oceancampingcarclub.fr\/?page_id=12563"},"modified":"2026-03-18T11:45:27","modified_gmt":"2026-03-18T10:45:27","slug":"programme-de-voyage-2024","status":"publish","type":"page","link":"https:\/\/www.oceancampingcarclub.fr\/?page_id=12563","title":{"rendered":"Programme de voyage 2026"},"content":{"rendered":"<h1 style=\"text-align: center;\"><span style=\"color: #ff0000;\">Visite des Villages illumin\u00e9s de l&rsquo;ORNE<\/span><\/h1>\n<h1><\/h1>\n<h1><div id=\"wppdfemb-frame-container-2\"><iframe id=\"wppdf-emb-iframe-2\" scrolling=\"no\" data-pdf-index=\"2\" class=\"pdfembed-iframe nonfullscreen\" style=\"border: none; width:100%; max-width: 100%; min-height: 1000px;\" src=\"https:\/\/www.oceancampingcarclub.fr?url=https%3A%2F%2Fwww.oceancampingcarclub.fr%2Fwp-content%2Fuploads%2F2026%2F03%2FORNE.pdf&pdfID=2&index=2\" ><\/iframe><\/div><\/h1>\n<h1 style=\"text-align: center;\"><span style=\"color: #ff0000;\">Road Trip en Croatie (complet)<\/span><\/h1>\n<h1 style=\"text-align: center;\"><div id=\"wppdfemb-frame-container-3\"><iframe id=\"wppdf-emb-iframe-3\" scrolling=\"no\" data-pdf-index=\"3\" class=\"pdfembed-iframe nonfullscreen\" style=\"border: none; width:100%; max-width: 100%; min-height: 1000px;\" src=\"https:\/\/www.oceancampingcarclub.fr?url=https%3A%2F%2Fwww.oceancampingcarclub.fr%2Fwp-content%2Fuploads%2F2025%2F10%2FCroatie-OCCC-2026-Phare-v2.pdf&title=Croatie+OCCC+2026+Phare+v2&pdfID=3&index=3\" ><\/iframe><\/div><\/h1>\n<p>&nbsp;<\/p>\n<h1 style=\"text-align: center;\"><\/h1>\n<p>&nbsp;<\/p>\n<h1 style=\"text-align: center;\"><span style=\"color: #ff0000;\">Road Trip en Autriche<\/span><\/h1>\n<h1 style=\"text-align: center;\"><span style=\"color: #ff0000;\"><em><strong>Suite \u00e0 d\u00e9sistement, reste 1 place!<\/strong><\/em><\/span><\/h1>\n<p style=\"text-align: center;\"><div id=\"wppdfemb-frame-container-4\"><iframe id=\"wppdf-emb-iframe-4\" scrolling=\"no\" data-pdf-index=\"4\" class=\"pdfembed-iframe nonfullscreen\" style=\"border: none; width:100%; max-width: 100%; min-height: 1000px;\" src=\"https:\/\/www.oceancampingcarclub.fr?url=https%3A%2F%2Fwww.oceancampingcarclub.fr%2Fwp-content%2Fuploads%2F2025%2F10%2FAutriche-2026-Presentation-longue-2.pdf&title=Autriche+2026+Pr%C3%A9sentation+longue+%282%29&pdfID=4&index=4\" ><\/iframe><\/div>\n<p>&nbsp;<\/p>\n<h1 style=\"text-align: center;\"><\/h1>\n<p style=\"text-align: center;\">[p<\/p>\n<p>&nbsp;<\/p>\n<h1 style=\"text-align: center;\"><a href=\"https:\/\/www.oceancampingcarclub.fr\/?attachment_id=12745\" rel=\"attachment wp-att-12745\"><span style=\"color: #ff0000;\">Droits du voyageur<\/span><img loading=\"lazy\" decoding=\"async\" class=\"aligncenter wp-image-12745 size-medium\" title=\"Droits du voyageur\" src=\"https:\/\/www.oceancampingcarclub.fr\/wp-content\/uploads\/2023\/04\/Droits-des-voyageurs-pdf-image-212x300.jpg\" alt=\"\" width=\"212\" height=\"300\" srcset=\"https:\/\/www.oceancampingcarclub.fr\/wp-content\/uploads\/2023\/04\/Droits-des-voyageurs-pdf-image-212x300.jpg 212w, https:\/\/www.oceancampingcarclub.fr\/wp-content\/uploads\/2023\/04\/Droits-des-voyageurs-pdf-image.jpg 350w\" sizes=\"auto, (max-width: 212px) 100vw, 212px\" \/><\/a><\/h1>\n","protected":false},"excerpt":{"rendered":"<p>Visite des Villages illumin\u00e9s de l&rsquo;ORNE Road Trip en Croatie (complet) &nbsp; &nbsp; Road Trip en Autriche Suite \u00e0 d\u00e9sistement, reste 1 place! &nbsp; [p &nbsp; Droits du voyageur<\/p>\n","protected":false},"author":1,"featured_media":0,"parent":0,"menu_order":0,"comment_status":"closed","ping_status":"closed","template":"","meta":{"footnotes":""},"class_list":["post-12563","page","type-page","status-publish","hentry"],"_links":{"self":[{"href":"https:\/\/www.oceancampingcarclub.fr\/index.php?rest_route=\/wp\/v2\/pages\/12563","targetHints":{"allow":["GET"]}}],"collection":[{"href":"https:\/\/www.oceancampingcarclub.fr\/index.php?rest_route=\/wp\/v2\/pages"}],"about":[{"href":"https:\/\/www.oceancampingcarclub.fr\/index.php?rest_route=\/wp\/v2\/types\/page"}],"author":[{"embeddable":true,"href":"https:\/\/www.oceancampingcarclub.fr\/index.php?rest_route=\/wp\/v2\/users\/1"}],"replies":[{"embeddable":true,"href":"https:\/\/www.oceancampingcarclub.fr\/index.php?rest_route=%2Fwp%2Fv2%2Fcomments&post=12563"}],"version-history":[{"count":6,"href":"https:\/\/www.oceancampingcarclub.fr\/index.php?rest_route=\/wp\/v2\/pages\/12563\/revisions"}],"predecessor-version":[{"id":13228,"href":"https:\/\/www.oceancampingcarclub.fr\/index.php?rest_route=\/wp\/v2\/pages\/12563\/revisions\/13228"}],"wp:attachment":[{"href":"https:\/\/www.oceancampingcarclub.fr\/index.php?rest_route=%2Fwp%2Fv2%2Fmedia&parent=12563"}],"curies":[{"name":"wp","href":"https:\/\/api.w.org\/{rel}","templated":true}]}}